reatest common factor of 12 and 18908?
4
What is the highest common factor of 21186 and 72?
18
Calculate the greatest common divisor of 108 and 1536408.
108
What is the highest common factor of 31456 and 192?
32
What is the greatest common factor of 22941296 and 1904?
1904
Calculate the highest common factor of 38078 and 3634.
158
Calculate the highest common divisor of 671 and 8899.
11
What is the highest common factor of 1890 and 25170?
30
What is the greatest common factor of 268804 and 201?
67
Calculate the greatest common divisor of 30849 and 424541.
1469
Calculate the highest common factor of 2392 and 29601.
299
Calculate the greatest common factor of 463600 and 175.
25
What is the greatest common factor of 3150 and 5985?
315
Calculate the highest common factor of 261 and 12478149.
261
What is the highest common factor of 788 and 76042?
394
What is the greatest common divisor of 974 and 314?
2
Calculate the greatest common divisor of 88885 and 493.
29
Calculate the greatest common factor of 1688 and 284006.
422
What is the greatest common factor of 1598 and 2781319?
799
What is the greatest common divisor of 131550 and 150?
150
Calculate the highest common divisor of 6 and 9885.
3
Calculate the highest common divisor of 205 and 554730.
205
What is the highest common divisor of 13937 and 63?
7
What is the greatest common factor of 142270 and 2624?
82
What is the greatest common divisor of 1069439 and 28?
7
What is the highest common divisor of 5 and 33575?
5
Calculate the highest common factor of 16166 and 354.
118
What is the highest common divisor of 14288 and 28272?
304
Calculate the greatest common factor of 30 and 942960.
30
Calculate the greatest common factor of 16861 and 52.
13
Calculate the greatest common divisor of 134672 and 76.
76
What is the highest common factor of 6116 and 484?
44
What is the greatest common factor of 14796 and 42881?
137
Calculate the greatest common divisor of 96261 and 231.
33
Calculate the highest common factor of 105 and 806890.
35
Calculate the greatest common divisor of 14 and 374556.
14
What is the greatest common divisor of 204 and 172?
4
What is the highest common divisor of 65502 and 108?
54
Calculate the highest common factor of 15705 and 8820.
45
What is the highest common factor of 119 and 29827?
7
What is the greatest common factor of 9675 and 144?
9
Calculate the greatest common factor of 20 and 8620.
20
What is the greatest common divisor of 147204 and 2610?
522
Calculate the greatest common divisor of 18981 and 171.
171
What is the greatest common factor of 2349 and 29511?
27
Calculate the greatest common divisor of 12026 and 28.
14
Calculate the highest common factor of 271338 and 82.
82
Calculate the greatest common divisor of 304 and 1495756.
76
What is the greatest common divisor of 2277 and 28336?
253
What is the highest common factor of 252 and 27678?
42
Calculate the greatest common divisor of 40 and 1204184.
8
What is the highest common divisor of 2282 and 175910?
14
What is the greatest common factor of 1190 and 5049?
17
What is the highest common divisor of 336258 and 66?
6
Calculate the greatest common divisor of 98 and 15239.
49
Calculate the greatest common divisor of 40248 and 520.
104
Calculate the greatest common divisor of 90 and 26490.
30
Calculate the highest common divisor of 341441 and 557.
557
What is the highest common divisor of 130 and 11590?
10
What is the greatest common divisor of 834 and 743511?
417
What is the highest common factor of 1314 and 56356?
146
Calculate the greatest common factor of 75121 and 1763.
43
Calculate the highest common factor of 221 and 10614409.
221
What is the greatest common factor of 58 and 1472417?
29
What is the greatest common factor of 22130 and 30?
10
Calculate the greatest common factor of 760064 and 288.
32
Calculate the highest common divisor of 54 and 32514.
6
Calculate the greatest common factor of 90 and 61164.
18
What is the greatest common divisor of 12886 and 9350?
34
Calculate the greatest common factor of 616 and 1162546.
154
Calculate the highest common divisor of 30 and 1466410.
10
Calculate the highest common factor of 1905 and 10541.
127
What is the greatest common divisor of 779 and 266209?
19
What is the highest common factor of 350 and 45794?
14
Calculate the highest common factor of 429 and 74514.
33
Calculate the highest common factor of 1355 and 198372.
271
What is the highest common divisor of 7494940 and 293?
293
Calculate the highest common divisor of 1970909 and 181.
181
What is the highest common factor of 134076 and 60?
12
What is the highest common divisor of 17 and 590699?
17
Calculate the greatest common divisor of 3367312 and 208.
208
Calculate the highest common factor of 77787 and 8901.
387
Calculate the highest common divisor of 11651124 and 12.
12
Calculate the greatest common factor of 1190 and 1862.
14
What is the greatest common factor of 1354731 and 21?
21
Calculate the greatest common factor of 98 and 32389.
49
What is the highest common factor of 372051 and 603?
603
Calculate the highest common factor of 972 and 24.
12
Calculate the highest common divisor of 56 and 2375432.
8
What is the greatest common divisor of 359784 and 263?
263
What is the highest common divisor of 395 and 16432?
79
What is the greatest common divisor of 36988 and 140?
28
What is the greatest common divisor of 182 and 14378?
182
Calculate the greatest common divisor of 64 and 16976.
16
Calculate the greatest common factor of 14131 and 26.
13
Calculate the greatest common factor of 312912 and 2624.
656
What is the greatest common factor of 2505 and 2476443?
501
What is the greatest common factor of 78 and 7278?
6
Calculate the highest common divisor of 7090 and 200.
10
Calculate the highest common divisor of 1590 and 186931.
53
Calculate the greatest common factor of 832 and 147584.
64
Calculate the greatest common divisor of 8311603 and 3364.
841
Calculate the greatest common factor of 137 and 5353412.
137
Calculate the greatest common divisor of 80 and 18640.
80
Calculate the greatest common divisor of 17262 and 1260.
126
Calculate the highest common divisor of 680 and 8636.
68
What is the highest common divisor of 255629 and 374?
187
What is the greatest common divisor of 226640 and 370?
10
What is the highest common factor of 1062 and 8380950?
354
What is the greatest common divisor of 60120 and 540?
180
Calculate the greatest common divisor of 975 and 873900.
75
What is the greatest common divisor of 150 and 169725?
75
What is the highest common divisor of 65284 and 152?
76
What is the greatest common divisor of 629 and 2023?
17
Calculate the greatest common divisor of 20513 and 17984.
281
Calculate the greatest common factor of 7584 and 3676.
4
Calculate the greatest common factor of 140 and 27062.
14
What is the greatest common factor of 17644 and 572?
44
What is the greatest common divisor of 223440 and 45?
15
What is the greatest common divisor of 136922 and 892?
446
What is the greatest common divisor of 203425 and 75?
25
Calculate the highest common divisor of 161 and 170821.
161
What is the greatest common factor of 755642 and 46?
46
Calculate the greatest common divisor of 38 and 3719554.
38
Calculate the greatest common divisor of 44 and 65989.
11
Calculate the highest common factor of 4288 and 136.
8
Calculate the highest common divisor of 6507528 and 2760.
552
What is the greatest common divisor of 2850 and 16834?
38
What is the greatest common divisor of 26 and 341692?
26
Calculate the highest common divisor of 8178 and 101094.
174
Calculate the highest common factor of 2857488 and 36.
12
Calculate the greatest common divisor of 40 and 266740.
20
What is the greatest common divisor of 8130 and 120?
30
What is the greatest common factor of 348 and 187311?
87
Calculate the greatest common divisor of 202554 and 6820.
682
Calculate the highest common factor of 43 and 16669337.
43
What is the greatest common factor of 4544435 and 35?
35
What is the highest common factor of 1 and 4428?
1
What is the greatest common divisor of 511 and 58035?
73
What is the highest common factor of 33 and 63899?
11
Calculate the highest common divisor of 151702 and 2020.
202
What is the highest common factor of 780 and 